Dec 01 16:32:58.017 INFO testing gmadrid/itools against master#8940af3cea4a9a9deabcaf843b2f8cad9a83fc61 for beta-1.31-5
Dec 01 16:32:58.017 INFO running `"docker" "create" "-v" "/mnt/big/crater/work/local/target-dirs/beta-1.31-5/worker-2/master#8940af3cea4a9a9deabcaf843b2f8cad9a83fc61:/target:rw,Z" "-v" "/mnt/big/crater/work/local/test-source/worker-2/beta-1.31-5/master#8940af3cea4a9a9deabcaf843b2f8cad9a83fc61:/source:ro,Z" "-v" "/mnt/big/crater/work/local/cargo-home:/cargo-home:ro,Z" "-v" "/mnt/big/crater/work/local/rustup-home:/rustup-home:ro,Z" "-e" "USER_ID=1000" "-e" "SOURCE_DIR=/source" "-e" "USER_ID=1000" "-e" "CMD=cargo +8940af3cea4a9a9deabcaf843b2f8cad9a83fc61-alt build --frozen" "-e" "CARGO_TARGET_DIR=/target" "-e" "CARGO_INCREMENTAL=0" "-e" "RUST_BACKTRACE=full" "-e" "RUSTFLAGS=--cap-lints=warn" "-e" "CARGO_HOME=/cargo-home" "-e" "RUSTUP_HOME=/rustup-home" "-m" "1536M" "--network" "none" "crater"`
Dec 01 16:32:58.503 INFO [stdout] d6cd087d465cacdedf3cb1dc793c06e73558852525e929405ce78f21096be3ae
Dec 01 16:32:58.506 INFO running `"docker" "start" "-a" "d6cd087d465cacdedf3cb1dc793c06e73558852525e929405ce78f21096be3ae"`
Dec 01 16:32:59.819 INFO [stderr] usermod: no changes
Dec 01 16:33:00.157 INFO [stderr]    Compiling bk-tree v0.3.0
Dec 01 16:33:00.168 INFO [stderr]    Compiling clicolors-control v0.2.0
Dec 01 16:33:00.187 INFO [stderr]    Compiling num-derive v0.2.3
Dec 01 16:33:00.188 INFO [stderr]    Compiling sha2 v0.8.0
Dec 01 16:33:00.189 INFO [stderr]    Compiling rayon v1.0.2
Dec 01 16:33:02.635 INFO [stderr]    Compiling console v0.6.2
Dec 01 16:33:09.261 INFO [stderr]    Compiling indicatif v0.9.0
Dec 01 16:33:16.275 INFO [stderr]    Compiling jpeg-decoder v0.1.15
Dec 01 16:33:22.815 INFO [stderr]    Compiling image v0.19.0
Dec 01 16:33:36.590 INFO [stderr]    Compiling img_hash v2.1.0
Dec 01 16:33:39.123 INFO [stderr]    Compiling itools v0.1.0 (/source)
Dec 01 16:33:55.825 INFO [stderr]     Finished dev [unoptimized + debuginfo] target(s) in 55.98s
Dec 01 16:33:55.840 INFO [stderr] su: No module specific data is present
Dec 01 16:33:56.519 INFO running `"docker" "inspect" "d6cd087d465cacdedf3cb1dc793c06e73558852525e929405ce78f21096be3ae"`
Dec 01 16:33:56.730 INFO running `"docker" "rm" "-f" "d6cd087d465cacdedf3cb1dc793c06e73558852525e929405ce78f21096be3ae"`
Dec 01 16:33:56.967 INFO [stdout] d6cd087d465cacdedf3cb1dc793c06e73558852525e929405ce78f21096be3ae
Dec 01 16:33:56.975 INFO running `"docker" "create" "-v" "/mnt/big/crater/work/local/target-dirs/beta-1.31-5/worker-2/master#8940af3cea4a9a9deabcaf843b2f8cad9a83fc61:/target:rw,Z" "-v" "/mnt/big/crater/work/local/test-source/worker-2/beta-1.31-5/master#8940af3cea4a9a9deabcaf843b2f8cad9a83fc61:/source:ro,Z" "-v" "/mnt/big/crater/work/local/cargo-home:/cargo-home:ro,Z" "-v" "/mnt/big/crater/work/local/rustup-home:/rustup-home:ro,Z" "-e" "USER_ID=1000" "-e" "SOURCE_DIR=/source" "-e" "USER_ID=1000" "-e" "CMD=cargo +8940af3cea4a9a9deabcaf843b2f8cad9a83fc61-alt test --frozen --no-run" "-e" "CARGO_TARGET_DIR=/target" "-e" "CARGO_INCREMENTAL=0" "-e" "RUST_BACKTRACE=full" "-e" "RUSTFLAGS=--cap-lints=warn" "-e" "CARGO_HOME=/cargo-home" "-e" "RUSTUP_HOME=/rustup-home" "-m" "1536M" "--network" "none" "crater"`
Dec 01 16:33:57.483 INFO [stdout] 1c4a39dafc99c03a33823d74bb538d0b41f989a6c5284bf24dd718fa745d2d32
Dec 01 16:33:57.488 INFO running `"docker" "start" "-a" "1c4a39dafc99c03a33823d74bb538d0b41f989a6c5284bf24dd718fa745d2d32"`
Dec 01 16:33:58.875 INFO [stderr] usermod: no changes
Dec 01 16:33:59.103 INFO [stderr]    Compiling itools v0.1.0 (/source)
Dec 01 16:34:02.939 INFO [stderr] error[E0609]: no field `show_output` on type `neardups::config::Config`
Dec 01 16:34:02.939 INFO [stderr]    --> src/neardups/config.rs:224:33
Dec 01 16:34:02.939 INFO [stderr]     |
Dec 01 16:34:02.939 INFO [stderr] 224 |         assert_eq!(true, c_show.show_output);
Dec 01 16:34:02.939 INFO [stderr]     |                                 ^^^^^^^^^^^ unknown field
Dec 01 16:34:02.939 INFO [stderr]     |
Dec 01 16:34:02.939 INFO [stderr]     = note: available fields are: `cache_file`, `cache_only`, `files`, `output`, `show_progress`, `search`
Dec 01 16:34:02.939 INFO [stderr] 
Dec 01 16:34:02.955 INFO [stderr] error[E0609]: no field `show_output` on type `neardups::config::Config`
Dec 01 16:34:02.955 INFO [stderr]    --> src/neardups/config.rs:227:35
Dec 01 16:34:02.955 INFO [stderr]     |
Dec 01 16:34:02.955 INFO [stderr] 227 |         assert_eq!(false, c_quiet.show_output);
Dec 01 16:34:02.955 INFO [stderr]     |                                   ^^^^^^^^^^^ unknown field
Dec 01 16:34:02.955 INFO [stderr]     |
Dec 01 16:34:02.955 INFO [stderr]     = note: available fields are: `cache_file`, `cache_only`, `files`, `output`, `show_progress`, `search`
Dec 01 16:34:02.955 INFO [stderr] 
Dec 01 16:34:03.111 INFO [stderr] error[E0599]: no method named `is_complete` found for type `neardups::fileinfo::FileInfo` in the current scope
Dec 01 16:34:03.111 INFO [stderr]   --> src/neardups/fileinfo.rs:63:30
Dec 01 16:34:03.111 INFO [stderr]    |
Dec 01 16:34:03.111 INFO [stderr] 4  | pub struct FileInfo {
Dec 01 16:34:03.111 INFO [stderr]    | ------------------- method `is_complete` not found for this
Dec 01 16:34:03.111 INFO [stderr] ...
Dec 01 16:34:03.111 INFO [stderr] 63 |         assert_eq!(false, fi.is_complete());
Dec 01 16:34:03.111 INFO [stderr]    |                              ^^^^^^^^^^^
Dec 01 16:34:03.111 INFO [stderr] 
Dec 01 16:34:03.489 INFO [stderr] error[E0308]: mismatched types
Dec 01 16:34:03.489 INFO [stderr]   --> src/neardups/fileinfo.rs:66:21
Dec 01 16:34:03.489 INFO [stderr]    |
Dec 01 16:34:03.489 INFO [stderr] 66 |             a_hash: Some("sisisi".into()),
Dec 01 16:34:03.489 INFO [stderr]    |                     ^^^^^^^^^^^^^^^^^^^^^ expected struct `std::string::String`, found enum `std::option::Option`
Dec 01 16:34:03.489 INFO [stderr]    |
Dec 01 16:34:03.489 INFO [stderr]    = note: expected type `std::string::String`
Dec 01 16:34:03.489 INFO [stderr]               found type `std::option::Option<_>`
Dec 01 16:34:03.489 INFO [stderr] 
Dec 01 16:34:03.497 INFO [stderr] error[E0599]: no method named `is_complete` found for type `neardups::fileinfo::FileInfo` in the current scope
Dec 01 16:34:03.497 INFO [stderr]   --> src/neardups/fileinfo.rs:69:30
Dec 01 16:34:03.497 INFO [stderr]    |
Dec 01 16:34:03.497 INFO [stderr] 4  | pub struct FileInfo {
Dec 01 16:34:03.497 INFO [stderr]    | ------------------- method `is_complete` not found for this
Dec 01 16:34:03.497 INFO [stderr] ...
Dec 01 16:34:03.497 INFO [stderr] 69 |         assert_eq!(false, fi.is_complete());
Dec 01 16:34:03.497 INFO [stderr]    |                              ^^^^^^^^^^^
Dec 01 16:34:03.497 INFO [stderr] 
Dec 01 16:34:03.919 INFO [stderr] error[E0308]: mismatched types
Dec 01 16:34:03.919 INFO [stderr]   --> src/neardups/fileinfo.rs:72:21
Dec 01 16:34:03.919 INFO [stderr]    |
Dec 01 16:34:03.919 INFO [stderr] 72 |             d_hash: Some("foobar".into()),
Dec 01 16:34:03.919 INFO [stderr]    |                     ^^^^^^^^^^^^^^^^^^^^^ expected struct `std::string::String`, found enum `std::option::Option`
Dec 01 16:34:03.919 INFO [stderr]    |
Dec 01 16:34:03.919 INFO [stderr]    = note: expected type `std::string::String`
Dec 01 16:34:03.919 INFO [stderr]               found type `std::option::Option<_>`
Dec 01 16:34:03.919 INFO [stderr] 
Dec 01 16:34:04.199 INFO [stderr] error[E0308]: mismatched types
Dec 01 16:34:04.199 INFO [stderr]   --> src/neardups/fileinfo.rs:73:21
Dec 01 16:34:04.199 INFO [stderr]    |
Dec 01 16:34:04.199 INFO [stderr] 73 |             p_hash: Some("blah".into()),
Dec 01 16:34:04.199 INFO [stderr]    |                     ^^^^^^^^^^^^^^^^^^^ expected struct `std::string::String`, found enum `std::option::Option`
Dec 01 16:34:04.199 INFO [stderr]    |
Dec 01 16:34:04.199 INFO [stderr]    = note: expected type `std::string::String`
Dec 01 16:34:04.199 INFO [stderr]               found type `std::option::Option<_>`
Dec 01 16:34:04.199 INFO [stderr] 
Dec 01 16:34:04.510 INFO [stderr] error[E0308]: mismatched types
Dec 01 16:34:04.510 INFO [stderr]   --> src/neardups/fileinfo.rs:74:24
Dec 01 16:34:04.510 INFO [stderr]    |
Dec 01 16:34:04.510 INFO [stderr] 74 |             sha2_hash: Some("xxxxx".into()),
Dec 01 16:34:04.510 INFO [stderr]    |                        ^^^^^^^^^^^^^^^^^^^^ expected struct `std::string::String`, found enum `std::option::Option`
Dec 01 16:34:04.510 INFO [stderr]    |
Dec 01 16:34:04.510 INFO [stderr]    = note: expected type `std::string::String`
Dec 01 16:34:04.510 INFO [stderr]               found type `std::option::Option<_>`
Dec 01 16:34:04.510 INFO [stderr] 
Dec 01 16:34:04.523 INFO [stderr] error[E0599]: no method named `is_complete` found for type `neardups::fileinfo::FileInfo` in the current scope
Dec 01 16:34:04.523 INFO [stderr]   --> src/neardups/fileinfo.rs:77:29
Dec 01 16:34:04.523 INFO [stderr]    |
Dec 01 16:34:04.523 INFO [stderr] 4  | pub struct FileInfo {
Dec 01 16:34:04.523 INFO [stderr]    | ------------------- method `is_complete` not found for this
Dec 01 16:34:04.523 INFO [stderr] ...
Dec 01 16:34:04.523 INFO [stderr] 77 |         assert_eq!(true, fi.is_complete());
Dec 01 16:34:04.523 INFO [stderr]    |                             ^^^^^^^^^^^
Dec 01 16:34:04.523 INFO [stderr] 
Dec 01 16:34:04.551 INFO [stderr] error[E0599]: no function or associated item named `with_name` found for type `neardups::fileinfo::FileInfo` in the current scope
Dec 01 16:34:04.551 INFO [stderr]   --> src/neardups/fileinfo.rs:83:18
Dec 01 16:34:04.551 INFO [stderr]    |
Dec 01 16:34:04.551 INFO [stderr] 4  | pub struct FileInfo {
Dec 01 16:34:04.551 INFO [stderr]    | ------------------- function or associated item `with_name` not found for this
Dec 01 16:34:04.551 INFO [stderr] ...
Dec 01 16:34:04.551 INFO [stderr] 83 |         let fi = FileInfo::with_name(name);
Dec 01 16:34:04.551 INFO [stderr]    |                  ^^^^^^^^^^^^^^^^^^^ function or associated item not found in `neardups::fileinfo::FileInfo`
Dec 01 16:34:04.551 INFO [stderr] 
Dec 01 16:34:04.747 INFO [stderr] error: aborting due to 10 previous errors
Dec 01 16:34:04.747 INFO [stderr] 
Dec 01 16:34:04.747 INFO [stderr] Some errors occurred: E0308, E0599, E0609.
Dec 01 16:34:04.747 INFO [stderr] For more information about an error, try `rustc --explain E0308`.
Dec 01 16:34:04.766 INFO [stderr] error: Could not compile `itools`.
Dec 01 16:34:04.766 INFO [stderr] 
Dec 01 16:34:04.766 INFO [stderr] To learn more, run the command again with --verbose.
Dec 01 16:34:04.767 INFO [stderr] su: No module specific data is present
Dec 01 16:34:05.405 INFO running `"docker" "inspect" "1c4a39dafc99c03a33823d74bb538d0b41f989a6c5284bf24dd718fa745d2d32"`
Dec 01 16:34:05.645 INFO running `"docker" "rm" "-f" "1c4a39dafc99c03a33823d74bb538d0b41f989a6c5284bf24dd718fa745d2d32"`
Dec 01 16:34:05.806 INFO [stdout] 1c4a39dafc99c03a33823d74bb538d0b41f989a6c5284bf24dd718fa745d2d32
